lse
Does 121 divide 40172?
True
Does 3 divide 10983?
True
Does 194 divide 8780?
False
Is 2099648 a multiple of 53?
True
Does 63 divide 84675?
False
Is 8051 a multiple of 12?
False
Is 406 a factor of 3867556?
True
Is 115 a factor of 43010?
True
Does 67 divide 101918?
False
Does 87 divide 192618?
True
Is 3440 a multiple of 8?
True
Is 3361725 a multiple of 223?
True
Does 6 divide 2339154?
True
Does 34 divide 1152022?
True
Is 103 a factor of 2142481?
False
Is 352443 a multiple of 39?
True
Is 9566044 a multiple of 382?
True
Is 265683 a multiple of 83?
True
Is 157 a factor of 275081?
False
Is 8 a factor of 2887606?
False
Is 56446 a multiple of 167?
True
Does 19 divide 3059?
True
Is 23 a factor of 149109?
True
Is 3395077 a multiple of 28?
False
Is 67605 a multiple of 67?
False
Is 1375196 a multiple of 213?
False
Is 1000435 a multiple of 110?
False
Does 43 divide 1175157?
False
Is 47887 a multiple of 17?
False
Is 13 a factor of 47392?
False
Does 711 divide 8640229?
False
Is 24 a factor of 99548?
False
Is 235 a factor of 8000581?
False
Is 94 a factor of 40608?
True
Does 4 divide 355829?
False
Is 158456 a multiple of 116?
True
Is 2037365 a multiple of 55?
True
Is 44226 a multiple of 36?
False
Does 98 divide 28322?
True
Is 144 a factor of 17085037?
False
Does 6 divide 41004?
True
Is 305 a factor of 1651880?
True
Does 933 divide 11125092?
True
Is 204 a factor of 2326008?
True
Does 12 divide 12809664?
True
Is 41 a factor of 1748106?
False
Is 51 a factor of 856647?
True
Is 341998 a multiple of 554?
False
Does 925 divide 12755750?
True
Is 12 a factor of 3041821?
False
Is 548730 a multiple of 90?
True
Does 5 divide 173820?
True
Is 12898416 a multiple of 644?
False
Is 2011170 a multiple of 21?
True
Is 4796192 a multiple of 284?
True
Does 276 divide 1203520?
False
Is 154 a factor of 2808743?
False
Is 23 a factor of 341964?
True
Is 270 a factor of 893970?
True
Is 44256 a multiple of 48?
True
Is 12 a factor of 45316?
False
Does 13 divide 15171?
True
Is 153 a factor of 56763?
True
Does 524 divide 1142844?
True
Is 159 a factor of 988503?
True
Does 537 divide 147800?
False
Is 72 a factor of 5192712?
True
Is 1823804 a multiple of 6?
False
Is 250 a factor of 195500?
True
Does 366 divide 6755628?
True
Is 674904 a multiple of 244?
True
Is 19 a factor of 646899?
False
Is 58446 a multiple of 3?
True
Is 789546 a multiple of 3?
True
Is 266191 a multiple of 137?
True
Is 7594301 a multiple of 143?
True
Does 9 divide 665640?
True
Is 528 a factor of 27138207?
False
Does 1911 divide 17407299?
True
Is 951528 a multiple of 328?
True
Is 30 a factor of 156450?
True
Does 272 divide 183806?
False
Is 105 a factor of 1101321?
False
Is 325050 a multiple of 50?
True
Is 247 a factor of 1263405?
True
Is 113 a factor of 223175?
True
Does 29 divide 151744?
False
Is 80 a factor of 156480?
True
Is 355 a factor of 566580?
True
Is 17 a factor of 965073?
True
Does 9 divide 273360?
False
Is 129 a factor of 160605?
True
Is 2746407 a multiple of 159?
True
Is 34 a factor of 6418554?
True
Does 136 divide 2245042?
False
Is 684513 a multiple of 357?
False
Is 300 a factor of 2088000?
True
Is 504628 a multiple of 11?
False
Does 6 divide 5514?
True
Is 337 a factor of 20377454?
False
Does 12 divide 1306932?
True
Is 408 a factor of 103078?
False
Does 6 divide 9863?
False
Does 40 divide 13950920?
True
Is 1132 a factor of 6749088?
False
Is 592 a factor of 291856?
True
Does 6 divide 1311192?
True
Is 181 a factor of 203806?
True
Is 19 a factor of 930772?
True
Does 5 divide 39215?
True
Does 62 divide 721866?
True
Is 14 a factor of 601739?
False
Does 47 divide 841300?
True
Is 944 a factor of 176220?
False
Is 107118 a multiple of 9?
True
Does 7 divide 7272894?
False
Is 407930 a multiple of 226?
True
Is 2 a factor of 17563?
False
Does 12 divide 56345?
False
Is 25 a factor of 8107225?
True
Does 6 divide 2310089?
False
Is 8482209 a multiple of 89?
False
Is 6 a factor of 1164162?
True
Is 30 a factor of 2168956?
False
Is 127638 a multiple of 63?
True
Is 976 a factor of 738832?
True
Is 67 a factor of 8658354?
False
Is 1489970 a multiple of 10?
True
Is 2796871 a multiple of 574?
False
Does 118 divide 67004?
False
Is 16 a factor of 1221170?
False
Is 100 a factor of 309800?
True
Is 164450 a multiple of 10?
True
Is 139237 a multiple of 290?
False
Is 12385 a multiple of 49?
False
Does 110 divide 14380740?
True
Does 75 divide 2223299?
False
Does 430 divide 585660?
True
Is 12635010 a multiple of 685?
False
Is 436 a factor of 6911036?
True
Does 1463 divide 15642396?
True
Does 5 divide 50130?
True
Is 56910 a multiple of 182?
False
Is 20 a factor of 42440?
True
Does 15 divide 78746?
False
Is 7 a factor of 675066?
True
Is 15 a factor of 4243065?
True
Is 4745280 a multiple of 120?
True
Is 119468 a multiple of 34?
False
Does 4 divide 55618?
False
Does 4 divide 423916?
True
Is 359 a factor of 3740311?
False
Does 16 divide 3673616?
True
Is 6854996 a multiple of 151?
False
Is 79 a factor of 4061162?
False
Does 213 divide 466758?
False
Is 489 a factor of 472374?
True
Is 17 a factor of 1693761?
True
Does 89 divide 15206?
False
Does 141 divide 31725?
True
Does 12 divide 9079968?
True
Does 1568 divide 909908?
False
Does 3 divide 5376?
True
Is 16 a factor of 3563776?
True
Is 148856 a multiple of 92?
True
Does 209 divide 2632324?
False
Is 925741 a multiple of 22?
False
Is 16554 a multiple of 89?
True
Is 19 a factor of 1009413?
True
Is 16 a factor of 6265?
False
Is 102 a factor of 94130?
False
Is 22648 a multiple of 2?
True
Is 145 a factor of 1001080?
True
Does 1215 divide 3032464?
False
Is 25 a factor of 348250?
True
Is 657713 a multiple of 26?
False
Does 335 divide 336675?
True
Does 30 divide 788281?
False
Is 6 a factor of 142868?
False
Is 284325 a multiple of 223?
True
Is 37408 a multiple of 32?
True
Is 13 a factor of 11037?
True
Is 515124 a multiple of 36?
True
Is 657 a factor of 797841?
False
Does 195 divide 1828125?
True
Is 16380 a multiple of 60?
True
Is 18 a factor of 1007946?
True
Is 21 a factor of 65877?
True
Is 54 a factor of 2023486?
False
Is 244 a factor of 372588?
True
Is 29 a factor of 67294?
False
Is 1738166 a multiple of 285?
False
Is 29 a factor of 7355126?
False
Is 9589 a multiple of 5?
False
Does 261 divide 927594?
True
Does 214 divide 1203642?
False
Does 16 divide 44781?
False
Is 230 a factor of 1779492?
False
Does 4 divide 777618?
False
Is 3471954 a multiple of 1890?
False
Does 3 divide 1428?
True
Does 65 divide 74495?
False
Does 29 divide 101975?
False
Is 54223 a multiple of 97?
True
Does 241 divide 182274?
False
Is 2118678 a multiple of 26?
False
Does 29 divide 66218?
False
Is 1735066 a multiple of 22?
False
Is 12 a factor of 115734?
False
Is 171 a factor of 2722662?
True
Is 1344037 a multiple of 17?
True
Does 291 divide 6903102?
True
Is 61859 a multiple of 12?
False
Does 13 divide 114895?
False
Is 4 a factor of 8290?
False
Does 7 divide 4097723?
True
Is 6636288 a multiple of 79?
False
Is 7 a factor of 81422?
False
Does 29 divide 195489?
True
Is 346 a factor of 904444?
True
Is 37 a factor of 329596?
True
Does 11 divide 321596?
True
Is 1037141 a multiple of 27?
False
Is 97 a factor of 7503?
False
Is 2948838 a multiple of 114?
True
Does 12 divide 573346?
False
Is 1556877 a multiple of 343?
True
Is 2546407 a multiple of 221?
False
Is 12047216 a multiple of 61?
False
Does 118 divide 594041?
False
Does 173 divide 40655?
True
Is 490 a factor of 2852488?
False
Is 4 a factor of 45348?
True
Is 589434 a multiple of 186?
True
Is 40 a factor of 1283523?
False
Is 2 a factor of 7231?
False
Is 49 a factor of 101224?
False
Does 367 divide 138217?
False
Is 23 a factor of 1212833?
False
Does 445 divide 543790?
True
Is 31 a factor of 6459557?
False
Is 8292167 a multiple of 32?
False
Is 9 a factor of 95733?
True
Does 78 divide 10937472?
True
Does 201 divide 171612?
False
Is 2051548 a multiple of 4?
True
Is 3046778 a multiple of 254?
False
Is 20 a factor of 242662?
False
Is 1604837 a multiple of 706?
False
Does 14 divide 7041062?
True
Is 102323 a multiple of 84?
False
Is 891425 a multiple of 149?
False
Is 701920 a multiple of 8?
True
Is 72 a factor of 728640?
True
Is 198205 a multiple of 5?
True
Is 310 a factor of 6261070?
True
Does 61 divide 481993?
False
Is 1242221 a multiple of 5?
False
Is 246604 a multiple of 35?
False
Is 257 a fact